/20*h**5 + 13*h. Is k(9) a composite number?
True
Suppose 11*j - 4653 - 5159 = 0. Suppose 17*v - j = 2559. Is v prime?
False
Let l = -36104 + 77973. Is l composite?
True
Let q(t) = 1464*t**2 + 281*t - 3687. Is q(14) composite?
False
Let f(g) = -94*g**3 - 12*g**2 - 36*g - 67. Is f(-3) a composite number?
True
Suppose 15*f - 98 + 38 = 0. Let v be -1*(3 - (1 - -2)). Suppose f*l - 3293 = -3*s - v*l, 5*s - 3*l - 5498 = 0. Is s a composite number?
True
Let z = 49625 - 28261. Suppose 6 = 2*o, o = i + 1706 - z. Is i prime?
True
Let t be 1 + 1 + 0 - (2 + 3). Let p be (-4)/t - 10/3. Let w(b) = -b**3 + 2*b + 2. Is w(p) composite?
True
Suppose 5*j = 5*y - 3896075, 4*y + 90*j - 93*j - 3116866 = 0. Is y prime?
True
Let p(r) = 259*r**2 + 16*r + 54. Let o be p(17). Suppose 10*d - d = o. Is d a composite number?
False
Suppose 18*m + 557 = 24407. Suppose -35*g - m = -40*g. Is g a prime number?
False
Let h(w) = -186*w**3 + 9*w**2 + 21*w + 227. Is h(-9) a composite number?
False
Is (-333*11/495)/(2/(-41770)) prime?
False
Is (-426410)/(-1) + (-15)/(-60)*40 + -11 a composite number?
True
Suppose q = 4*h - q + 19392, 0 = -5*h - 3*q - 24229. Let m = 9534 + h. Suppose 4 = -4*b + 2*b, -m = -3*a + 5*b. Is a composite?
False
Let j(u) = -u**2 + u**3 - 6*u + 1 + 6*u + u. Let f(t) = 7*t**3 - 3*t**2 - 12*t - 5. Let r(a) = -f(a) + 2*j(a). Is r(-7) a composite number?
True
Suppose 16*v - 55 = 201. Suppose v*w = 78777 + 148055. Is w a composite number?
False
Let t(x) = 147*x + 814. Let f be t(8). Let n = -4024 - -2843. Let s = n + f. Is s composite?
False
Let p = 3070 - -31895. Suppose p - 1121 = 4*t. Is t composite?
False
Let i be (-2 + (-2)/(-4))*-3062. Suppose -i = 218*g - 221*g. Is g composite?
False
Let a be (30/(-14) - (-1)/7) + 21. Suppose 0 = 2*y - 5*t - a, -9 = -y - t - 3. Suppose 10*j = y*j + 2037. Is j prime?
False
Let l(m) = m + 3. Let y(i) = -82*i + 37. Let x(n) = -2*l(n) + y(n). Is x(-11) composite?
True
Let d(r) = 9*r**3 + 58*r**2 + 38*r - 1. Is d(18) prime?
True
Suppose -65*j = -60*j - 340. Suppose j*f - 69*f = 33. Is ((-5)/15*f)/((-2)/(-254)) composite?
True
Let t(b) = b**3 - 13*b**2 + 11*b + 10. Let g be t(12). Let q(j) = -2873*j + 45. Is q(g) a composite number?
False
Let g = -14 + 18. Let i be (-2)/(g/(-30)*3). Suppose 3*s = -5*r + 269, -i*r + 285 = -6*s + s. Is r a prime number?
False
Suppose -4*f - 4*t = -648, 0 = 4*f + 2*t - 0*t - 638. Suppose -161*c + f*c = -110444. Is c a composite number?
False
Suppose 31*i - 2912027 = 4787567. Suppose 0 = 21*k + 87325 - i. Is k composite?
False
Let d = 6334 - 221. Let m = -2660 + d. Is m a composite number?
True
Let b be 3*1/3*(-3 + 0). Let t(w) = -w**2 - 7*w - 8. Let x be t(b). Is ((-7866)/4)/(-3) + (-2)/x prime?
False
Suppose 22*t - 25*t - 131577 = -3*v, 0 = -2*v - 4*t + 87682. Is v prime?
True
Suppose -10 = m - 6*f + 3*f, -4*f = -4*m - 16. Is (-3062)/2*m/(7/7) a composite number?
False
Let b(m) = 3822*m**2 + 33*m - 346. Is b(7) prime?
True
Let y(s) = -5*s + 28. Let n be y(-7). Suppose 0 = -n*g + 6*g + 637203. Is g composite?
True
Let g(b) = -24*b**2 + 19 - 24*b**2 + 12*b + 49*b**2. Let k be g(-9). Let l(d) = -2*d**3 - 6*d**2 - 2*d - 9. Is l(k) composite?
False
Suppose -5*v + 9 = 3*f, -5*v - 1 = -2*f + 5. Let u(k) = k**2 - k + 3163. Is u(v) a composite number?
False
Suppose 413*c = 3*f + 411*c - 4470209, f - 1490093 = 4*c. Is f prime?
False
Suppose -7*z - 331 - 89 = 0. Let w = 56 + z. Let v(k) = 42*k**2 + 3*k - 11. Is v(w) a composite number?
True
Let p(c) = 20019*c - 751. Is p(2) a prime number?
False
Is (2 - 0)/((-6)/(-21)) - 6 - -3432 prime?
True
Suppose 251*z - 226*z - 21849025 = 0. Is z a composite number?
True
Let m(a) = -127*a - 51. Let k(p) be the third derivative of -21*p**4/4 - 49*p**3/6 + 30*p**2. Let h(s) = -7*k(s) + 6*m(s). Is h(7) composite?
False
Let n(u) = u**2 - 9*u - 6. Let s be n(10). Suppose 0*v + 3*v - 29 = -s*y, 2*y + 17 = 3*v. Suppose v*i = -706 + 6089. Is i prime?
True
Suppose 273*k - 212035936 = -61745887. Is k a composite number?
False
Let m(c) = 7506*c - 8. Let t be m(4). Let d = t - 5327. Is d a prime number?
False
Let o be (-4070)/(-22)*(-6)/(-10). Is ((-74)/o)/(4/(-79842)) prime?
False
Suppose 0 = -5*p - j - 5745, 25 = 2*j - 7*j. Let a = -571 - p. Let c = a - -96. Is c a composite number?
False
Let k(a) = 31*a + 29*a + 28*a + 50*a**2 + 26*a + 3 - 113*a. Is k(-4) a prime number?
False
Suppose -11*c = -30*c + 97945. Is c prime?
False
Suppose 34*o - 37*o = -300. Let q = o - 96. Is q - (6/(-2) + -1966) a composite number?
False
Let g = -239 + 504. Let a = -321 + 475. Suppose c = g + a. Is c composite?
False
Let m(v) = -341*v + 38. Let g(b) = -114*b + 13. Let r(f) = -17*g(f) + 6*m(f). Let y = -121 - -118. Is r(y) a prime number?
True
Let b be 2 - (0 + 5) - -6904. Let s = b - -1158. Is s a composite number?
False
Suppose 3100410 = 93*r - 6748197. Is r a prime number?
True
Let d(t) = 15*t**3 - 23*t**2 - 6*t - 299. Is d(17) a composite number?
True
Suppose -7*t + 6 = 5*z - 4*t, -6 = -4*z - 3*t. Let j be (-4 - (-11 + 5))*(3 - z). Is ((-211)/2)/((-3)/j) a composite number?
False
Suppose -4*y + 2022 = 5*z, -13*z + 11*z + 2028 = 4*y. Let g = 3373 + y. Is g a composite number?
False
Let z(w) = -13*w**3 + 41*w**2 + 41*w - 3. Let h(y) = 2*y**3 + y**2 - y - 1. Let c(i) = 6*h(i) + z(i). Is c(26) composite?
True
Let a = 148703 + -87325. Is a prime?
False
Suppose 4*j = 4*w + 968780, j - 242207 = -12*w + 7*w. Is j composite?
False
Let g(t) = t**2 - 16*t + 15. Let d be g(15). Suppose -2*c + 212 = -2*u, d = -32*u + 29*u - 9. Is c a composite number?
False
Let k(x) = -398*x + 28 - 62 - 50 - 70 + 2. Is k(-27) composite?
True
Let r(j) = 2850*j - 22. Let v be r(-2). Let n = 15333 + v. Is n composite?
True
Suppose -223*r + 201*r + 190322 = 0. Is r composite?
True
Suppose 5*d + q + 7616 = 0, 11*d - 6*d - 4*q + 7636 = 0. Suppose -2*u = 5*t - 6591, 8*u - 3*u - t = 16410. Let p = u + d. Is p prime?
True
Let n = 69 + -97. Let i(o) = -167*o - 107. Is i(n) composite?
True
Suppose -114006 - 107365 = -4*l - 5*w, -5*w = 25. Is l a composite number?
True
Suppose -5995761 = -22*z - 34*z - 248873. Is z prime?
False
Let r(j) be the first derivative of 7*j**3/3 + 16*j**2 + 27*j - 147. Suppose -2*w + 0*w = -2*f + 42, 0 = 5*w - 2*f + 114. Is r(w) a prime number?
False
Let o(w) = -30*w**3 + 11*w**2 + 36*w + 570. Is o(-17) a composite number?
True
Let a(f) = 9*f**3 + 20*f**2 - 73*f + 14. Let i(x) = -17*x**3 - 39*x**2 + 148*x - 29. Let d(j) = -5*a(j) - 3*i(j). Is d(9) prime?
False
Let d(s) be the first derivative of 7 - 5*s - 5*s**2 - 8*s + 28*s**2 + 61*s**2. Is d(3) composite?
False
Suppose 26*d + 28 = 158. Suppose -5*v + 7785 = -5*x, -10*x = -d*v - 9*x + 7793. Is v a composite number?
False
Let v = -27981 + 49994. Is v a composite number?
False
Let q = 229994 + 79221. Is q composite?
True
Let f = -518594 - -780612. Is f a prime number?
False
Let b be 2*(-88)/12*6/4. Let a be 6*(b/8*38 - 1). Let v = 416 - a. Is v a prime number?
True
Suppose -j - 5 = 2*q, 6*j - 5 = q + 4*j. Is (-5)/(-10) + q + 9228/8 a prime number?
True
Let m = 25 + -20. Suppose -m*h + 0*h + 4*i = -315, 5*h - 290 = -i. Is h a composite number?
False
Suppose 0 = -h - 4*h + 2*m + 6, 14 = 3*h + 4*m. Let q be (-6)/24 + h + (-315)/(-12). Suppose 5*i = 267 + q. Is i a composite number?
False
Suppose 105*s - 106*s + 2*h + 171831 = 0, -3*s + 3*h = -515487. Is s composite?
False
Let q = 237 + 657. Is (121 - 120)/((-1)/q*-2) a prime number?
False
Is -9 - (4 - (1865644/6 + (-28)/(-21))) a composite number?
True
Suppose -2*q + 2*z + 15 = 1, 16 = -2*q - 4*z. Suppose -8*j = q*j - 60050. Is j a composite number?
True
Let o(q) = -2910*q**3 + 14*q**2 + 12*q + 31. Is o(-3) a composite number?
False
Suppose k - 4*q = -q + 5, q = k - 5. Suppose -k*g - 21 = -c, 0*g + 5*g + 65 = 5*c. Suppose -c*t + 5*t = -198. Is t a composite number?
True
Suppose -p - 4*y = -3100 - 4555, -2*p = -3*y - 15288. Suppose 19*i - p = 27712. Is i composite?
False
Suppose 0 = 5*f - 3*m - 91981, 14*f = 13*f - m + 18401. Is f a prime number?
False
Suppose -2*w - 24 = w + 2*z, -2*w = -3*z + 16. Let m(c) = -216*c - 110. Is m(w) a prime number?
False
Suppose 9*q - 10369841 = -2013494. Is q prime?
False
Let k be (-3)/(-9)*3 + 119/7. Suppose 11*u - k = 17*u. Is 1/u*3*-1901 a prime number?
True
Let o(d) = 39 + d*